{"id":742,"date":"2021-01-28T11:51:40","date_gmt":"2021-01-28T10:51:40","guid":{"rendered":"http:\/\/xn--bjrnsiggelkow-jmb.de\/?page_id=742"},"modified":"2025-03-26T08:40:32","modified_gmt":"2025-03-26T07:40:32","slug":"datenschutzerklaerung","status":"publish","type":"page","link":"https:\/\/www.bjoernsiggelkow.de\/?page_id=742","title":{"rendered":"Datenschutzerkl\u00e4rung &#038; Impressum"},"content":{"rendered":"<div class=\"brz-root__container brz-reset-all\">\n<section id=\"yvvpksukzbsxfhaoubsorqoacbnwoskyorvk\" class=\"brz-section brz-css-szljq\" data-uid=\"yvvpksukzbsxfhaoubsorqoacbnwoskyorvk\">\n<div class=\"brz-section__content brz-section--boxed brz-css-fvxpg brz-css-rwiut\" data-custom-id=\"barnifdytxkwgtpfcmlmcuzvpbnmryweluey\">\n<div class=\"brz-container brz-css-urufk\">\n<div class=\"brz-css-qgqdu brz-wrapper\">\n<div class=\"brz-rich-text brz-rich-text__custom brz-css-nmrvn\" data-custom-id=\"uyvalgkyljrkdkqvqgwftgtgguiafoqznane\">\n<p><strong>I.\u00a0Informationen \u00fcber die Verarbeitung Ihrer Daten gem\u00e4\u00df Art. 13 der Datenschutz-Grundverordnung (DS-GVO)<\/strong><\/p>\n<p><strong>1.\u00a0Verantwortlicher und Datenschutzbeauftragter<\/strong><\/p>\n<p>Verantwortlich f\u00fcr diese Website ist:<\/p>\n<p>Bj\u00f6rn Siggelkow \u2022 Iltisstr.4 \u2022 50825 K\u00f6ln \u2022 mail@bjoernsiggelkow.de<\/p>\n<p>Den Datenschutzbeauftragten erreichen Sie per E-Mail unter:<\/p>\n<p>mail@bjoernsiggelkow.de<\/p>\n<p><strong>2. Daten, die f\u00fcr die Bereitstellung der Website und die Erstellung der Protokolldateien verarbeitet werden<\/strong><\/p>\n<p><strong>a. Welche Daten werden f\u00fcr welchen Zweck verarbeitet?<\/strong><\/p>\n<p>Bei jedem Zugriff auf Inhalte der Website werden vor\u00fcbergehend Daten gespeichert, die m\u00f6glicherweise eine Identifizierung zulassen. Die folgenden Daten werden hierbei erhoben:<\/p>\n<p>&#8211;\u00a0Datum und Uhrzeit des Zugriffs<\/p>\n<p>&#8211; IP-Adresse<\/p>\n<p>&#8211;\u00a0Hostname des zugreifenden Rechners<\/p>\n<p>&#8211;\u00a0Website, von der aus die Website aufgerufen wurde<\/p>\n<p>&#8211;\u00a0Websites, die \u00fcber die Website aufgerufen werden<\/p>\n<p>&#8211;\u00a0Besuchte Seite auf unserer Website<\/p>\n<p>&#8211;\u00a0Meldung, ob der Abruf erfolgreich war<\/p>\n<p>&#8211;\u00a0\u00dcbertragene Datenmenge<\/p>\n<p>&#8211;\u00a0Informationen \u00fcber den Browsertyp und die verwendete Version<\/p>\n<p>&#8211;\u00a0Betriebssystem<\/p>\n<p>Die vor\u00fcbergehende Speicherung der Daten ist f\u00fcr den Ablauf eines Websitebesuchs erforderlich, um eine Auslieferung der Website zu erm\u00f6glichen. Eine weitere Speicherung in Protokolldateien erfolgt, um die Funktionsf\u00e4higkeit der Website und die Sicherheit der informationstechnischen Systeme sicherzustellen. In diesen Zwecken liegt auch unser berechtigtes Interesse an der Datenverarbeitung.<\/p>\n<p><strong>b. Auf welcher Rechtsgrundlage werden diese Daten verarbeitet?<\/strong><\/p>\n<p>Die Daten werden auf der Grundlage des Art. 6 Abs. 1 Buchstabe f DS-GVO verarbeitet.<\/p>\n<p><strong>c. Gibt es neben dem Verantwortlichen weitere Empf\u00e4nger der personenbezogenen Daten?<\/strong><\/p>\n<p style=\"text-align: left;\">Die Website wird bei <span style=\"font-family: var(--wp--preset--font-family--default); font-size: var(--wp--preset--font-size--medium); letter-spacing: var(--wp--custom--typography--letter-spacing--body);\">IONOS SE, <\/span><span style=\"font-family: var(--wp--preset--font-family--default); font-size: var(--wp--preset--font-size--medium); letter-spacing: var(--wp--custom--typography--letter-spacing--body);\">Elgendorfer Str. 57, <\/span><span style=\"font-family: var(--wp--preset--font-family--default); font-size: var(--wp--preset--font-size--medium); letter-spacing: var(--wp--custom--typography--letter-spacing--body);\">56410 Montabaur, <a class=\"tw-outline-none whitespace-nowrap tw-underline tw-font-sans-regular tw-underline-offset-4 tw-text-ionos-blue-700 tw-font-normal tw-text-base tw-decoration-ionos-blue-700 tw-decoration-1 hover:tw-decoration-2 active:tw-border-none active:tw-decoration-1 disabled:tw-text-cool-grey-400 disabled:tw-decoration-cool-grey-400 focus-visible:tw-border-2 focus-visible:tw-rounded-lg focus-visible:tw-underline-offset-2 focus-visible:tw-border-ionos-blue-700 focus-visible:tw-shadow-[#458FFF]\" tabindex=\"-1\" title=\"info@ionos.de\" href=\"mailto:info@ionos.de\" data-linkid=\"ct.txt.0.info-ionos-de\" data-onpagelink=\"0\">info@ionos.de<\/a> <\/span><span style=\"font-family: var(--wp--preset--font-family--default); font-size: var(--wp--preset--font-size--medium); letter-spacing: var(--wp--custom--typography--letter-spacing--body);\">gehostet. Der Hoster empf\u00e4ngt die oben genannten Daten als Auftragsverarbeiter.<\/span><\/p>\n<p><strong>d. Wie lange werden die Daten gespeichert?<\/strong><\/p>\n<p>Die Daten werden gel\u00f6scht, sobald sie f\u00fcr die Erreichung des Zwecks ihrer Erhebung nicht mehr erforderlich sind. Bei der Bereitstellung der Website ist dies der Fall, wenn die jeweilige Sitzung beendet ist. Die Protokolldateien werden .. direkt und ausschlie\u00dflich f\u00fcr Administratoren zug\u00e4nglich aufbewahrt. Danach sind sie nur noch indirekt \u00fcber die Rekonstruktion von Sicherungsb\u00e4ndern verf\u00fcgbar und werden nach .. endg\u00fcltig gel\u00f6scht.<\/p>\n<p><strong>3. Betroffenenrechte<\/strong><\/p>\n<p><strong>a. Recht auf Auskunft<\/strong><\/p>\n<p>Sie k\u00f6nnen Auskunft nach Art. 15 DS-GVO \u00fcber Ihre personenbezogenen Daten verlangen, die wir verarbeiten.<\/p>\n<p><strong>b. Recht auf Widerspruch:<\/strong><\/p>\n<p>Sie haben ein Recht auf Widerspruch aus besonderen Gr\u00fcnden (siehe unter Punkt II).<\/p>\n<p><strong>c. Recht auf Berichtigung<\/strong><\/p>\n<p>Sollten die Sie betreffenden Angaben nicht (mehr) zutreffend sein, k\u00f6nnen Sie nach Art. 16 DS-GVO eine Berichtigung verlangen. Sollten Ihre Daten unvollst\u00e4ndig sein, k\u00f6nnen Sie eine Vervollst\u00e4ndigung verlangen.<\/p>\n<p><strong>d. Recht auf L\u00f6schung<\/strong><\/p>\n<p>Sie k\u00f6nnen nach Art. 17 DS-GVO die L\u00f6schung Ihrer personenbezogenen Daten verlangen.<\/p>\n<p><strong>e. Recht auf Einschr\u00e4nkung der Verarbeitung<\/strong><\/p>\n<p>Sie haben nach Art. 18 DS-GVO das Recht, eine Einschr\u00e4nkung der Verarbeitung Ihrer personenbezogenen Daten zu verlangen.<\/p>\n<p><strong>f. Recht auf Beschwerde<\/strong><\/p>\n<p>Wenn Sie der Ansicht sind, dass die Verarbeitung Ihrer personenbezogenen Daten gegen Datenschutzrecht verst\u00f6\u00dft, haben Sie nach Ar. 77 Abs. 1 DS-GVO das Recht, sich bei einer Datenschutzaufsichtsbeh\u00f6rde eigener Wahl zu beschweren. Hierzu geh\u00f6rt auch die f\u00fcr den Verantwortlichen zust\u00e4ndige Datenschutzaufsichtsbeh\u00f6rde: Landesbeauftragte f\u00fcr Datenschutz und Informationsfreiheit Nordrhein-Westfalen,\u00a0<em><a href=\"https:\/\/www.ldi.nrw.de\/kontakt\/ihre-beschwerde\">https:\/\/www.ldi.nrw.de\/kontakt\/ihre-beschwerde<\/a>.<\/em><\/p>\n<p><strong>g. Recht auf Daten\u00fcbertragbarkeit<\/strong><\/p>\n<p>F\u00fcr den Fall, dass die Voraussetzungen des Art. 20 Abs. 1 DS-GVO vorliegen, steht Ihnen das Recht zu, sich Daten, die wir auf Grundlage Ihrer Einwilligung oder in Erf\u00fcllung eines Vertrags automatisiert verarbeiten, an sich oder an Dritte aush\u00e4ndigen zu lassen. Die Erfassung der Daten zur Bereitstellung der Website und die Speicherung der Protokolldateien sind f\u00fcr den Betrieb der Internetseite zwingend erforderlich. Sie beruhen daher nicht auf einer Einwilligung nach Art. 6 Abs. 1 Buchstabe a DS-GVO oder auf einem Vertrag nach Art. 6 Abs. 1 Buchstabe b DS-GVO, sondern sind nach Art. 6 Abs. 1 Buchstabe f DS-GVO gerechtfertigt. Die Voraussetzungen des Art. 20 Abs. 1 DS-GVO sind demnach insoweit nicht erf\u00fcllt.<\/p>\n<p><strong>II. Recht auf Widerspruch gem\u00e4\u00df Art. 21 Abs. 1 DS-GVO<\/strong><\/p>\n<p>Sie haben das Recht, aus Gr\u00fcnden, die sich aus Ihrer besonderen Situation ergeben, jederzeit gegen die Verarbeitung Ihrer personenbezogenen Daten, die aufgrund von Artikel 6 Abs. 1 Buchstabe f DS-GVO erfolgt, Widerspruch einzulegen. Der Verantwortliche verarbeitet die personenbezogenen Daten dann nicht mehr, es sei denn, er kann zwingende schutzw\u00fcrdige Gr\u00fcnde f\u00fcr die Verarbeitung nachweisen, die die Interessen, Rechte und Freiheiten der betroffenen Person \u00fcberwiegen, oder die Verarbeitung dient der Geltendmachung, Aus\u00fcbung oder Verteidigung von Rechtsanspr\u00fcchen. Die Erfassung der Daten zur Bereitstellung der Website und die Speicherung der Protokolldateien sind f\u00fcr den Betrieb der Internetseite zwingend erforderlich.<\/p>\n<\/div>\n<\/div>\n<div class=\"brz-wrapper-clone brz-css-tvxre\">\n<div class=\"brz-d-xs-flex brz-flex-xs-wrap brz-css-fryrf\">\n<p id=\"nkeclhdiuonwwumuzlqffrogpboehirbcejt\" class=\"brz-wrapper-clone__item brz-css-rasyh\"><\/div>\n<\/div>\n<\/div>\n<\/div>\n<\/section>\n<\/div>\n<p><!-- version:1678481782 --><\/p>\n","protected":false},"excerpt":{"rendered":"<p>I.\u00a0Informationen \u00fcber die Verarbeitung Ihrer Daten gem\u00e4\u00df Art. 13 der Datenschutz-Grundverordnung (DS-GVO) 1.\u00a0Verantwortlicher und Datenschutzbeauftragter Verantwortlich f\u00fcr diese Website ist: Bj\u00f6rn Siggelkow \u2022 Iltisstr.4 \u2022 50825 K\u00f6ln \u2022 mail@bjoernsiggelkow.de Den Datenschutzbeauftragten erreichen Sie per E-Mail unter: mail@bjoernsiggelkow.de 2. Daten, die f\u00fcr die Bereitstellung der Website und die Erstellung der Protokolldateien verarbeitet werden a. Welche Daten [&hellip;]<\/p>\n","protected":false},"author":1,"featured_media":0,"parent":0,"menu_order":0,"comment_status":"closed","ping_status":"closed","template":"","meta":{"footnotes":""},"class_list":["post-742","page","type-page","status-publish","hentry"],"_links":{"self":[{"href":"https:\/\/www.bjoernsiggelkow.de\/index.php?rest_route=\/wp\/v2\/pages\/742","targetHints":{"allow":["GET"]}}],"collection":[{"href":"https:\/\/www.bjoernsiggelkow.de\/index.php?rest_route=\/wp\/v2\/pages"}],"about":[{"href":"https:\/\/www.bjoernsiggelkow.de\/index.php?rest_route=\/wp\/v2\/types\/page"}],"author":[{"embeddable":true,"href":"https:\/\/www.bjoernsiggelkow.de\/index.php?rest_route=\/wp\/v2\/users\/1"}],"replies":[{"embeddable":true,"href":"https:\/\/www.bjoernsiggelkow.de\/index.php?rest_route=%2Fwp%2Fv2%2Fcomments&post=742"}],"version-history":[{"count":37,"href":"https:\/\/www.bjoernsiggelkow.de\/index.php?rest_route=\/wp\/v2\/pages\/742\/revisions"}],"predecessor-version":[{"id":30519,"href":"https:\/\/www.bjoernsiggelkow.de\/index.php?rest_route=\/wp\/v2\/pages\/742\/revisions\/30519"}],"wp:attachment":[{"href":"https:\/\/www.bjoernsiggelkow.de\/index.php?rest_route=%2Fwp%2Fv2%2Fmedia&parent=742"}],"curies":[{"name":"wp","href":"https:\/\/api.w.org\/{rel}","templated":true}]}}